{"id":721,"date":"2021-08-16T23:03:57","date_gmt":"2021-08-16T22:03:57","guid":{"rendered":"http:\/\/maedchenlager.stbruno.de\/?page_id=721"},"modified":"2026-08-16T16:42:53","modified_gmt":"2026-08-16T15:42:53","slug":"tagebuch-2021","status":"publish","type":"page","link":"https:\/\/maedchenlager.stbruno.de\/?page_id=721","title":{"rendered":"Tagebuch 2021"},"content":{"rendered":"<div class='pt-cv-wrapper'> <div class=\"pt-cv-view pt-cv-blockgrid iscvblock iscvreal grid1 layout2\" id=\"pt-cv-view-i5ln5ey3\"><div data-id=\"pt-cv-page-1\" class=\"pt-cv-page\" data-cvc=\"3\"><div class=\" pt-cv-content-item pt-cv-1-col\" ><h4 class=\"pt-cv-title\"><a href=\"https:\/\/maedchenlager.stbruno.de\/?p=726\" class=\"_blank\" target=\"_blank\" >Tag 1 (31.07.)<\/a><\/h4>\n<div class=\"pt-cv-content\">Am Samstag dem 31.07.2021 startete das diesj\u00e4hrige Sommerlager p\u00fcnktlich um 08:00 an St. Bruno. Nach einem Reisesegen durch Pfarrer Rentrop &#8230;<\/div>\n<div class=\"pt-cv-rmwrap\"><a href=\"https:\/\/maedchenlager.stbruno.de\/?p=726\" class=\"_blank pt-cv-readmore btn btn-success\" target=\"_blank\" >Weiterlesen<\/a><\/div><\/div>\n<div class=\" pt-cv-content-item pt-cv-1-col\" ><h4 class=\"pt-cv-title\"><a href=\"https:\/\/maedchenlager.stbruno.de\/?p=728\" class=\"_blank\" target=\"_blank\" >Tag 2 (01.08.)<\/a><\/h4>\n<div class=\"pt-cv-content\">Den ersten ganzen Tag im Schullandheim Badenstedt starteten wir zun\u00e4chst mit einem ausgiebigen Fr\u00fchst\u00fcck. Anschlie\u00dfend wurde gemeinsam die Heilige Messe &#8230;<\/div>\n<div class=\"pt-cv-rmwrap\"><a href=\"https:\/\/maedchenlager.stbruno.de\/?p=728\" class=\"_blank pt-cv-readmore btn btn-success\" target=\"_blank\" >Weiterlesen<\/a><\/div><\/div>\n<div class=\" pt-cv-content-item pt-cv-1-col\" ><h4 class=\"pt-cv-title\"><a href=\"https:\/\/maedchenlager.stbruno.de\/?p=732\" class=\"_blank\" target=\"_blank\" >Tag 4 (03.08.)<\/a><\/h4>\n<div class=\"pt-cv-content\">Wie fast jeden Tag wurden die M\u00e4dchen um 8:30 Uhr geweckt, damit p\u00fcnktlich um 9:00 Uhr mit dem Fr\u00fchst\u00fcck begonnen &#8230;<\/div>\n<div class=\"pt-cv-rmwrap\"><a href=\"https:\/\/maedchenlager.stbruno.de\/?p=732\" class=\"_blank pt-cv-readmore btn btn-success\" target=\"_blank\" >Weiterlesen<\/a><\/div><\/div>\n<div class=\" pt-cv-content-item pt-cv-1-col\" ><h4 class=\"pt-cv-title\"><a href=\"https:\/\/maedchenlager.stbruno.de\/?p=735\" class=\"_blank\" target=\"_blank\" >Tag 5 (04.08.)<\/a><\/h4>\n<div class=\"pt-cv-content\">Heute startete der Tag mit der dringend ben\u00f6tigten SoLa Frische. Nach einem leckeren Fr\u00fchst\u00fcck haben die Kinder neben ihren eigenen &#8230;<\/div>\n<div class=\"pt-cv-rmwrap\"><a href=\"https:\/\/maedchenlager.stbruno.de\/?p=735\" class=\"_blank pt-cv-readmore btn btn-success\" target=\"_blank\" >Weiterlesen<\/a><\/div><\/div>\n<div class=\" pt-cv-content-item pt-cv-1-col\" ><h4 class=\"pt-cv-title\"><a href=\"https:\/\/maedchenlager.stbruno.de\/?p=747\" class=\"_blank\" target=\"_blank\" >Tag 6 (05.08.)<\/a><\/h4>\n<div class=\"pt-cv-content\">Heute Morgen startete entspannt mit unserem traditionellen L\u00fcmmel-Fr\u00fchst\u00fcck. Das hei\u00dft alle durften lange ausschlafen und sich selber Fr\u00fchst\u00fcck machen. Um &#8230;<\/div>\n<div class=\"pt-cv-rmwrap\"><a href=\"https:\/\/maedchenlager.stbruno.de\/?p=747\" class=\"_blank pt-cv-readmore btn btn-success\" target=\"_blank\" >Weiterlesen<\/a><\/div><\/div>\n<div class=\" pt-cv-content-item pt-cv-1-col\" ><h4 class=\"pt-cv-title\"><a href=\"https:\/\/maedchenlager.stbruno.de\/?p=749\" class=\"_blank\" target=\"_blank\" >Mottotag (06.08.)<\/a><\/h4>\n<div class=\"pt-cv-content\">Nachdem am Vorabend sowohl Flur als auch Treppe mit Absperrband dekoriert worden war, wurden die Teilnehmerinnen von Bibi, Tina, Alex &#8230;<\/div>\n<div class=\"pt-cv-rmwrap\"><a href=\"https:\/\/maedchenlager.stbruno.de\/?p=749\" class=\"_blank pt-cv-readmore btn btn-success\" target=\"_blank\" >Weiterlesen<\/a><\/div><\/div>\n<div class=\" pt-cv-content-item pt-cv-1-col\" ><h4 class=\"pt-cv-title\"><a href=\"https:\/\/maedchenlager.stbruno.de\/?p=751\" class=\"_blank\" target=\"_blank\" >Tag 8 (07.08.)<\/a><\/h4>\n<div class=\"pt-cv-content\">Samstag, der 07. August, begann wie immer mit einem leckeren Fr\u00fchst\u00fcck. Danach gab es die Stafette bei der die Teilnehmerinnen &#8230;<\/div>\n<div class=\"pt-cv-rmwrap\"><a href=\"https:\/\/maedchenlager.stbruno.de\/?p=751\" class=\"_blank pt-cv-readmore btn btn-success\" target=\"_blank\" >Weiterlesen<\/a><\/div><\/div>\n<div class=\" pt-cv-content-item pt-cv-1-col\" ><h4 class=\"pt-cv-title\"><a href=\"https:\/\/maedchenlager.stbruno.de\/?p=753\" class=\"_blank\" target=\"_blank\" >Tag 9 (08.08.)<\/a><\/h4>\n<div class=\"pt-cv-content\">Nach unserem gemeinsamen Fr\u00fchst\u00fcck, begann unser Tag mit einer Messe. Die Messe wurde von Mark gehalten und die Teilnehmer haben &#8230;<\/div>\n<div class=\"pt-cv-rmwrap\"><a href=\"https:\/\/maedchenlager.stbruno.de\/?p=753\" class=\"_blank pt-cv-readmore btn btn-success\" target=\"_blank\" >Weiterlesen<\/a><\/div><\/div>\n<div class=\" pt-cv-content-item pt-cv-1-col\" ><h4 class=\"pt-cv-title\"><a href=\"https:\/\/maedchenlager.stbruno.de\/?p=757\" class=\"_blank\" target=\"_blank\" >Tag 11 (10.08.)<\/a><\/h4>\n<div class=\"pt-cv-content\">Nachdem sich Dienstag Morgen alle Teilnehmerinnen und Leiterinnen mit einem guten Fr\u00fchst\u00fcck gest\u00e4rkt hatten, stand auch schon wieder die SoLa &#8230;<\/div>\n<div class=\"pt-cv-rmwrap\"><a href=\"https:\/\/maedchenlager.stbruno.de\/?p=757\" class=\"_blank pt-cv-readmore btn btn-success\" target=\"_blank\" >Weiterlesen<\/a><\/div><\/div>\n<div class=\" pt-cv-content-item pt-cv-1-col\" ><h4 class=\"pt-cv-title\"><a href=\"https:\/\/maedchenlager.stbruno.de\/?p=759\" class=\"_blank\" target=\"_blank\" >Tag 12 (11.08.)<\/a><\/h4>\n<div class=\"pt-cv-content\">Der Tag begann wieder mit einem gemeinsamen Fr\u00fchst\u00fcck. Heute gab es zur Feier des Tages frische Br\u00f6tchen vom B\u00e4cker. Der &#8230;<\/div>\n<div class=\"pt-cv-rmwrap\"><a href=\"https:\/\/maedchenlager.stbruno.de\/?p=759\" class=\"_blank pt-cv-readmore btn btn-success\" target=\"_blank\" >Weiterlesen<\/a><\/div><\/div>\n<div class=\" pt-cv-content-item pt-cv-1-col\" ><h4 class=\"pt-cv-title\"><a href=\"https:\/\/maedchenlager.stbruno.de\/?p=761\" class=\"_blank\" target=\"_blank\" >Tag 13 (12.08.)<\/a><\/h4>\n<div class=\"pt-cv-content\">Nach dem spannenden Casinoabend durften die M\u00e4dels erstmal ausschlafen &#8211; es war wieder L\u00fcmmelfr\u00fchst\u00fcck &#8211; und st\u00e4rkten sich anschlie\u00dfend beim &#8230;<\/div>\n<div class=\"pt-cv-rmwrap\"><a href=\"https:\/\/maedchenlager.stbruno.de\/?p=761\" class=\"_blank pt-cv-readmore btn btn-success\" target=\"_blank\" >Weiterlesen<\/a><\/div><\/div>\n<div class=\" pt-cv-content-item pt-cv-1-col\" ><h4 class=\"pt-cv-title\"><a href=\"https:\/\/maedchenlager.stbruno.de\/?p=763\" class=\"_blank\" target=\"_blank\" >Tag 14 (13.08.)<\/a><\/h4>\n<div class=\"pt-cv-content\">Nach dem gemeinsamen Fr\u00fchst\u00fcck standen heute, am letzten ganzen Tag des Sommerlagers, tolle Angebote auf dem Plan. Vom Kerzen Gie\u00dfen &#8230;<\/div>\n<div class=\"pt-cv-rmwrap\"><a href=\"https:\/\/maedchenlager.stbruno.de\/?p=763\" class=\"_blank pt-cv-readmore btn btn-success\" target=\"_blank\" >Weiterlesen<\/a><\/div><\/div><\/div><\/div> <\/div> <style>\n#pt-cv-view-i5ln5ey3 {text-align: left}\n#pt-cv-view-i5ln5ey3 { border-style: none;margin: 0px 0px 0px 0px;padding: 0px 0px 0px 0px; }#pt-cv-view-i5ln5ey3 .pt-cv-meta-fields {  }#pt-cv-view-i5ln5ey3 .pt-cv-meta-fields * { font-size: 13px; }#pt-cv-view-i5ln5ey3 .pt-cv-thumb-wrapper:not(.miniwrap) {  }#pt-cv-view-i5ln5ey3 .pt-cv-thumbnail:not(.pt-cv-thumbnailsm) { height: 250px; }#pt-cv-view-i5ln5ey3 .pt-cv-title a { display: block;margin: 10px 10px 10px 10px; }#pt-cv-view-i5ln5ey3 .pt-cv-title:not(.pt-cv-titlesm) a { font-weight: 600;text-decoration: none;font-size: 20px; }#pt-cv-view-i5ln5ey3 .pt-cv-titlesm a { font-weight: 600;font-size: 18px; }#pt-cv-view-i5ln5ey3 .pt-cv-content { font-size: 15px;margin: 10px 10px 10px 10px; }#pt-cv-view-i5ln5ey3 .pt-cv-rmwrap { text-align: right; }#pt-cv-view-i5ln5ey3 .pt-cv-readmore { color: #fff;background-color: #1d5ea1;font-weight: 700;font-size: 14px;margin: 10px 10px 0px 10px;padding: 10px 15px 10px 15px;border-radius: 20px 20px 20px 20px; }#pt-cv-view-i5ln5ey3 .pt-cv-taxoterm {  }#pt-cv-view-i5ln5ey3 .pt-cv-taxoterm * { color: #222;background-color: #fff6f6;font-size: 14px; }#pt-cv-view-i5ln5ey3 + .pt-cv-pagination-wrapper {  }#pt-cv-view-i5ln5ey3 + .pt-cv-pagination-wrapper a { font-size: 14px; }#pt-cv-view-i5ln5ey3 > .pt-cv-page {grid-template-columns: repeat(3, 1fr);grid-gap: 20px;}#pt-cv-view-i5ln5ey3 .pt-cv-rmwrap:hover {  }#pt-cv-view-i5ln5ey3 .pt-cv-readmore:hover { background-color: #245688; }\n@media all and (max-width: 1024px) { \n#pt-cv-view-i5ln5ey3 > .pt-cv-page {}\n} \n@media all and (max-width: 767px) { \n#pt-cv-view-i5ln5ey3 > .pt-cv-page {grid-template-columns: repeat(1, 1fr);}\n} <\/style>","protected":false},"excerpt":{"rendered":"","protected":false},"author":1,"featured_media":0,"parent":0,"menu_order":0,"comment_status":"closed","ping_status":"closed","template":"","meta":{"_uag_custom_page_level_css":"","footnotes":""},"class_list":["post-721","page","type-page","status-publish","hentry"],"uagb_featured_image_src":{"full":false,"thumbnail":false,"medium":false,"medium_large":false,"large":false,"1536x1536":false,"2048x2048":false,"post-thumbnail":false},"uagb_author_info":{"display_name":"admin","author_link":"https:\/\/maedchenlager.stbruno.de\/?author=1"},"uagb_comment_info":0,"uagb_excerpt":null,"_links":{"self":[{"href":"https:\/\/maedchenlager.stbruno.de\/index.php?rest_route=\/wp\/v2\/pages\/721","targetHints":{"allow":["GET"]}}],"collection":[{"href":"https:\/\/maedchenlager.stbruno.de\/index.php?rest_route=\/wp\/v2\/pages"}],"about":[{"href":"https:\/\/maedchenlager.stbruno.de\/index.php?rest_route=\/wp\/v2\/types\/page"}],"author":[{"embeddable":true,"href":"https:\/\/maedchenlager.stbruno.de\/index.php?rest_route=\/wp\/v2\/users\/1"}],"replies":[{"embeddable":true,"href":"https:\/\/maedchenlager.stbruno.de\/index.php?rest_route=%2Fwp%2Fv2%2Fcomments&post=721"}],"version-history":[{"count":14,"href":"https:\/\/maedchenlager.stbruno.de\/index.php?rest_route=\/wp\/v2\/pages\/721\/revisions"}],"predecessor-version":[{"id":1951,"href":"https:\/\/maedchenlager.stbruno.de\/index.php?rest_route=\/wp\/v2\/pages\/721\/revisions\/1951"}],"wp:attachment":[{"href":"https:\/\/maedchenlager.stbruno.de\/index.php?rest_route=%2Fwp%2Fv2%2Fmedia&parent=721"}],"curies":[{"name":"wp","href":"https:\/\/api.w.org\/{rel}","templated":true}]}}

<div class='pt-cv-wrapper'> <div class="pt-cv-view pt-cv-blockgrid iscvblock iscvreal grid1 layout2" id="pt-cv-view-i5ln5ey3"><div data-id="pt-cv-page-1" class="pt-cv-page" data-cvc="3"><div class=" pt-cv-content-item pt-cv-1-col" ><h4 class="pt-cv-title"><a href="https://maedchenlager.stbruno.de/?p=726" class="_blank" target="_blank" >Tag 1 (31.07.)</a></h4>
<div class="pt-cv-content">Am Samstag dem 31.07.2021 startete das diesjährige Sommerlager pünktlich um 08:00 an St. Bruno. Nach einem Reisesegen durch Pfarrer Rentrop &#8230;</div>
<div class="pt-cv-rmwrap"><a href="https://maedchenlager.stbruno.de/?p=726" class="_blank pt-cv-readmore btn btn-success" target="_blank" >Weiterlesen</a></div></div>
<div class=" pt-cv-content-item pt-cv-1-col" ><h4 class="pt-cv-title"><a href="https://maedchenlager.stbruno.de/?p=728" class="_blank" target="_blank" >Tag 2 (01.08.)</a></h4>
<div class="pt-cv-content">Den ersten ganzen Tag im Schullandheim Badenstedt starteten wir zunächst mit einem ausgiebigen Frühstück. Anschließend wurde gemeinsam die Heilige Messe &#8230;</div>
<div class="pt-cv-rmwrap"><a href="https://maedchenlager.stbruno.de/?p=728" class="_blank pt-cv-readmore btn btn-success" target="_blank" >Weiterlesen</a></div></div>
<div class=" pt-cv-content-item pt-cv-1-col" ><h4 class="pt-cv-title"><a href="https://maedchenlager.stbruno.de/?p=732" class="_blank" target="_blank" >Tag 4 (03.08.)</a></h4>
<div class="pt-cv-content">Wie fast jeden Tag wurden die Mädchen um 8:30 Uhr geweckt, damit pünktlich um 9:00 Uhr mit dem Frühstück begonnen &#8230;</div>
<div class="pt-cv-rmwrap"><a href="https://maedchenlager.stbruno.de/?p=732" class="_blank pt-cv-readmore btn btn-success" target="_blank" >Weiterlesen</a></div></div>
<div class=" pt-cv-content-item pt-cv-1-col" ><h4 class="pt-cv-title"><a href="https://maedchenlager.stbruno.de/?p=735" class="_blank" target="_blank" >Tag 5 (04.08.)</a></h4>
<div class="pt-cv-content">Heute startete der Tag mit der dringend benötigten SoLa Frische. Nach einem leckeren Frühstück haben die Kinder neben ihren eigenen &#8230;</div>
<div class="pt-cv-rmwrap"><a href="https://maedchenlager.stbruno.de/?p=735" class="_blank pt-cv-readmore btn btn-success" target="_blank" >Weiterlesen</a></div></div>
<div class=" pt-cv-content-item pt-cv-1-col" ><h4 class="pt-cv-title"><a href="https://maedchenlager.stbruno.de/?p=747" class="_blank" target="_blank" >Tag 6 (05.08.)</a></h4>
<div class="pt-cv-content">Heute Morgen startete entspannt mit unserem traditionellen Lümmel-Frühstück. Das heißt alle durften lange ausschlafen und sich selber Frühstück machen. Um &#8230;</div>
<div class="pt-cv-rmwrap"><a href="https://maedchenlager.stbruno.de/?p=747" class="_blank pt-cv-readmore btn btn-success" target="_blank" >Weiterlesen</a></div></div>
<div class=" pt-cv-content-item pt-cv-1-col" ><h4 class="pt-cv-title"><a href="https://maedchenlager.stbruno.de/?p=749" class="_blank" target="_blank" >Mottotag (06.08.)</a></h4>
<div class="pt-cv-content">Nachdem am Vorabend sowohl Flur als auch Treppe mit Absperrband dekoriert worden war, wurden die Teilnehmerinnen von Bibi, Tina, Alex &#8230;</div>
<div class="pt-cv-rmwrap"><a href="https://maedchenlager.stbruno.de/?p=749" class="_blank pt-cv-readmore btn btn-success" target="_blank" >Weiterlesen</a></div></div>
<div class=" pt-cv-content-item pt-cv-1-col" ><h4 class="pt-cv-title"><a href="https://maedchenlager.stbruno.de/?p=751" class="_blank" target="_blank" >Tag 8 (07.08.)</a></h4>
<div class="pt-cv-content">Samstag, der 07. August, begann wie immer mit einem leckeren Frühstück. Danach gab es die Stafette bei der die Teilnehmerinnen &#8230;</div>
<div class="pt-cv-rmwrap"><a href="https://maedchenlager.stbruno.de/?p=751" class="_blank pt-cv-readmore btn btn-success" target="_blank" >Weiterlesen</a></div></div>
<div class=" pt-cv-content-item pt-cv-1-col" ><h4 class="pt-cv-title"><a href="https://maedchenlager.stbruno.de/?p=753" class="_blank" target="_blank" >Tag 9 (08.08.)</a></h4>
<div class="pt-cv-content">Nach unserem gemeinsamen Frühstück, begann unser Tag mit einer Messe. Die Messe wurde von Mark gehalten und die Teilnehmer haben &#8230;</div>
<div class="pt-cv-rmwrap"><a href="https://maedchenlager.stbruno.de/?p=753" class="_blank pt-cv-readmore btn btn-success" target="_blank" >Weiterlesen</a></div></div>
<div class=" pt-cv-content-item pt-cv-1-col" ><h4 class="pt-cv-title"><a href="https://maedchenlager.stbruno.de/?p=757" class="_blank" target="_blank" >Tag 11 (10.08.)</a></h4>
<div class="pt-cv-content">Nachdem sich Dienstag Morgen alle Teilnehmerinnen und Leiterinnen mit einem guten Frühstück gestärkt hatten, stand auch schon wieder die SoLa &#8230;</div>
<div class="pt-cv-rmwrap"><a href="https://maedchenlager.stbruno.de/?p=757" class="_blank pt-cv-readmore btn btn-success" target="_blank" >Weiterlesen</a></div></div>
<div class=" pt-cv-content-item pt-cv-1-col" ><h4 class="pt-cv-title"><a href="https://maedchenlager.stbruno.de/?p=759" class="_blank" target="_blank" >Tag 12 (11.08.)</a></h4>
<div class="pt-cv-content">Der Tag begann wieder mit einem gemeinsamen Frühstück. Heute gab es zur Feier des Tages frische Brötchen vom Bäcker. Der &#8230;</div>
<div class="pt-cv-rmwrap"><a href="https://maedchenlager.stbruno.de/?p=759" class="_blank pt-cv-readmore btn btn-success" target="_blank" >Weiterlesen</a></div></div>
<div class=" pt-cv-content-item pt-cv-1-col" ><h4 class="pt-cv-title"><a href="https://maedchenlager.stbruno.de/?p=761" class="_blank" target="_blank" >Tag 13 (12.08.)</a></h4>
<div class="pt-cv-content">Nach dem spannenden Casinoabend durften die Mädels erstmal ausschlafen &#8211; es war wieder Lümmelfrühstück &#8211; und stärkten sich anschließend beim &#8230;</div>
<div class="pt-cv-rmwrap"><a href="https://maedchenlager.stbruno.de/?p=761" class="_blank pt-cv-readmore btn btn-success" target="_blank" >Weiterlesen</a></div></div>
<div class=" pt-cv-content-item pt-cv-1-col" ><h4 class="pt-cv-title"><a href="https://maedchenlager.stbruno.de/?p=763" class="_blank" target="_blank" >Tag 14 (13.08.)</a></h4>
<div class="pt-cv-content">Nach dem gemeinsamen Frühstück standen heute, am letzten ganzen Tag des Sommerlagers, tolle Angebote auf dem Plan. Vom Kerzen Gießen &#8230;</div>
<div class="pt-cv-rmwrap"><a href="https://maedchenlager.stbruno.de/?p=763" class="_blank pt-cv-readmore btn btn-success" target="_blank" >Weiterlesen</a></div></div></div></div> </div> <style>
#pt-cv-view-i5ln5ey3 {text-align: left}
#pt-cv-view-i5ln5ey3 { border-style: none;margin: 0px 0px 0px 0px;padding: 0px 0px 0px 0px; }#pt-cv-view-i5ln5ey3 .pt-cv-meta-fields {  }#pt-cv-view-i5ln5ey3 .pt-cv-meta-fields * { font-size: 13px; }#pt-cv-view-i5ln5ey3 .pt-cv-thumb-wrapper:not(.miniwrap) {  }#pt-cv-view-i5ln5ey3 .pt-cv-thumbnail:not(.pt-cv-thumbnailsm) { height: 250px; }#pt-cv-view-i5ln5ey3 .pt-cv-title a { display: block;margin: 10px 10px 10px 10px; }#pt-cv-view-i5ln5ey3 .pt-cv-title:not(.pt-cv-titlesm) a { font-weight: 600;text-decoration: none;font-size: 20px; }#pt-cv-view-i5ln5ey3 .pt-cv-titlesm a { font-weight: 600;font-size: 18px; }#pt-cv-view-i5ln5ey3 .pt-cv-content { font-size: 15px;margin: 10px 10px 10px 10px; }#pt-cv-view-i5ln5ey3 .pt-cv-rmwrap { text-align: right; }#pt-cv-view-i5ln5ey3 .pt-cv-readmore { color: #fff;background-color: #1d5ea1;font-weight: 700;font-size: 14px;margin: 10px 10px 0px 10px;padding: 10px 15px 10px 15px;border-radius: 20px 20px 20px 20px; }#pt-cv-view-i5ln5ey3 .pt-cv-taxoterm {  }#pt-cv-view-i5ln5ey3 .pt-cv-taxoterm * { color: #222;background-color: #fff6f6;font-size: 14px; }#pt-cv-view-i5ln5ey3 + .pt-cv-pagination-wrapper {  }#pt-cv-view-i5ln5ey3 + .pt-cv-pagination-wrapper a { font-size: 14px; }#pt-cv-view-i5ln5ey3 > .pt-cv-page {grid-template-columns: repeat(3, 1fr);grid-gap: 20px;}#pt-cv-view-i5ln5ey3 .pt-cv-rmwrap:hover {  }#pt-cv-view-i5ln5ey3 .pt-cv-readmore:hover { background-color: #245688; }
@media all and (max-width: 1024px) { 
#pt-cv-view-i5ln5ey3 > .pt-cv-page {}
} 
@media all and (max-width: 767px) { 
#pt-cv-view-i5ln5ey3 > .pt-cv-page {grid-template-columns: repeat(1, 1fr);}
} </style>
