{"id":2,"date":"2019-06-25T17:22:49","date_gmt":"2019-06-25T17:22:49","guid":{"rendered":"http:\/\/maedchenlager.stbruno.de\/?page_id=2"},"modified":"2026-05-06T08:57:49","modified_gmt":"2026-05-06T07:57:49","slug":"sample-page","status":"publish","type":"page","link":"https:\/\/maedchenlager.stbruno.de\/","title":{"rendered":"M\u00e4dchensommerlager St. Bruno"},"content":{"rendered":"\n<div class=\"wp-block-columns is-layout-flex wp-container-core-columns-is-layout-9d6595d7 wp-block-columns-is-layout-flex\">\n<div class=\"wp-block-column is-layout-flow wp-block-column-is-layout-flow\" style=\"flex-basis:100%\">\n<h2 class=\"wp-block-heading\"><strong>Herzlich Willkommen<\/strong><\/h2>\n<\/div>\n<\/div>\n\n\n\n<div class=\"wp-block-buttons is-layout-flex wp-block-buttons-is-layout-flex\">\n<div class=\"wp-block-button is-style-fill\"><a class=\"wp-block-button__link wp-element-button\" href=\"https:\/\/maedchenlager.stbruno.de\/?page_id=18\">Sommerlager 2026<\/a><\/div>\n<\/div>\n\n\n\n<h4 class=\"wp-block-heading\">Du hast in den Sommerferien 2026 vom 15. August bis zum 29. August noch keine Pl\u00e4ne und bist zwischen 9 und 15 Jahren alt?<\/h4>\n\n\n\n<h4 class=\"wp-block-heading\">Du hast Lust, mit anderen M\u00e4dels in deinem Alter eine tolle Woche zu verbringen?<br>Du freust Dich auf jede Menge Spiel, Spa\u00df und Action?<\/h4>\n\n\n\n<h4 class=\"wp-block-heading\">Dann bist Du bei uns genau richtig!<\/h4>\n\n\n\n<p><\/p>\n\n\n\n<p>Dieses Jahr geht es in das sch\u00f6ne <strong>Freizeitheim Kelberg<\/strong><br>N\u00e4here Informationen \u00fcber das Haus findest Du unter: <a href=\"https:\/\/www.freizeitheim-kelberg.de\/\" data-type=\"link\" data-id=\"https:\/\/www.freizeitheim-kelberg.de\/\" target=\"_blank\" rel=\"noreferrer noopener\">www.freizeitheim-kelberg.de<\/a><\/p>\n\n\n\n<p>Veranstaltet und durchgef\u00fchrt wird das Lager von den M\u00e4dchenleiterinnen der Kolpingjugend St. Bruno K\u00f6ln-Klettenberg. Wir haben in den letzten beiden Wochen der Sommerferien ein tolles Programm mit Spielen, Ausfl\u00fcgen und Aktionen vorbereitet.<\/p>\n\n\n\n<p>Wir haben noch ein paar Pl\u00e4tze frei und w\u00fcrden uns freuen, wenn auch Du und deine Freundinnen dabei sind!<\/p>\n\n\n\n<p>Wir haben Dein Interesse geweckt? Dann melde Dich schnell an!<br>Du kannst die Anmeldung <a href=\"http:\/\/maedchenlager.stbruno.de\/?page_id=1166\" data-type=\"page\" data-id=\"1166\" target=\"_blank\" rel=\"noreferrer noopener\">hier<\/a> herunterladen.<\/p>\n\n\n\n<p>Nat\u00fcrlich stehen wir auch f\u00fcr Fragen jederzeit zur Verf\u00fcgung. <br><a href=\"mailto:maedchenlager.stbruno@kirche-sk.de\">maedchenlager.stbruno@kirche-sk.de <\/a><br><\/p>\n\n\n\n<p>Wir freuen uns auf DICH!<br>Dein M\u00e4dchensommerlager-Leiterinnenteam<\/p>\n\n\n\n<hr class=\"wp-block-separator has-css-opacity\"\/>\n\n\n\n<p>Neugierig geworden?<br>Dann besuch uns doch auch auf Instagram!<br><a href=\"https:\/\/www.instagram.com\/st.brunomaedchenlager\/\">@st.brunomaedchenlager<\/a><\/p>\n\n\n\n<p><\/p>\n\n\n\n<p><\/p>\n","protected":false},"excerpt":{"rendered":"<p>Herzlich Willkommen Du hast in den Sommerferien 2026 vom 15. August bis zum 29. August noch keine Pl\u00e4ne und bist zwischen 9 und 15 Jahren alt? Du hast Lust, mit anderen M\u00e4dels in deinem Alter eine tolle Woche zu verbringen?Du freust Dich auf jede Menge Spiel, Spa\u00df und Action? Dann bist Du bei uns genau &hellip; <a href=\"https:\/\/maedchenlager.stbruno.de\/\" class=\"more-link\"><span class=\"screen-reader-text\">M\u00e4dchensommerlager St. Bruno<\/span> weiterlesen<\/a><\/p>\n","protected":false},"author":1,"featured_media":1770,"parent":0,"menu_order":0,"comment_status":"closed","ping_status":"open","template":"","meta":{"_uag_custom_page_level_css":".wp-element-button {\n\tbackground: #1D5EA1;\n\tposition: relative;\n\ttop: -80px;\n}\n\n.wp-block-button {\n\tmargin: auto !important;\n}\n\n.wp-block-buttons {\n\tmargin-bottom: -50px;\n}\n\n.entry-title {\n\tposition: relative;\n\ttext-align: center;\n\ttop: -60px;\n}\nh2 {\n\tfont-size: 20px;\n\tcolor: white;\n\ttext-align: center;\n\tposition: relative;\n\ttop: -100px;\n}\n\n.entry-content a {\n\tbox-shadow: none !important;\n}\n\n@media screen and (min-width: 450px) {\n\t.wp-element-button {\n\t\ttop: -195px;\n\t}\n\th2 {\n\t\ttop: -175px;\n\t}\n\t.entry-title {\n\t\ttop: -130px;\n\t}\n\t.wp-block-buttons {\n\t\tmargin-bottom: -100px;\n\t}\n}\n\n@media screen and (min-width: 600px) {\n\t.wp-element-button {\n\t\ttop: -250px;\n\t}\n\th2 {\n\t\ttop: -250px;\n\t}\n\t.entry-title {\n\t\ttop: -155px;\n\t}\n}\n\n@media screen and (min-width: 768px) {\n\t.wp-element-button {\n\t\ttop: -270px;\n\t}\n\th2 {\n\t\ttop: -270px;\n\t}\n\t.wp-block-buttons {\n\t\tmargin-bottom: -170px;\n\t}\n}\n\n@media screen and (min-width: 896px) {\n\t.entry-title {\n\t\ttop: -155px;\n\t}\n\t.wp-element-button {\n\t\ttop: -330px;\n\t}\n\th2 {\n\t\ttop: -330px;\n\t}\n}\n\n@media screen and (min-width: 1020px) {\n\t.entry-title {\n\t\ttop: -100px;\n\t}\n}","footnotes":""},"class_list":["post-2","page","type-page","status-publish","has-post-thumbnail","hentry"],"uagb_featured_image_src":{"full":["https:\/\/maedchenlager.stbruno.de\/wp-content\/uploads\/2026\/01\/cropped-IMG_2021.jpeg",1199,1005,false],"thumbnail":["https:\/\/maedchenlager.stbruno.de\/wp-content\/uploads\/2026\/01\/cropped-IMG_2021-150x150.jpeg",150,150,true],"medium":["https:\/\/maedchenlager.stbruno.de\/wp-content\/uploads\/2026\/01\/cropped-IMG_2021-300x251.jpeg",300,251,true],"medium_large":["https:\/\/maedchenlager.stbruno.de\/wp-content\/uploads\/2026\/01\/cropped-IMG_2021-768x644.jpeg",768,644,true],"large":["https:\/\/maedchenlager.stbruno.de\/wp-content\/uploads\/2026\/01\/cropped-IMG_2021-1024x858.jpeg",900,754,true],"1536x1536":["https:\/\/maedchenlager.stbruno.de\/wp-content\/uploads\/2026\/01\/cropped-IMG_2021.jpeg",1199,1005,false],"2048x2048":["https:\/\/maedchenlager.stbruno.de\/wp-content\/uploads\/2026\/01\/cropped-IMG_2021.jpeg",1199,1005,false],"post-thumbnail":["https:\/\/maedchenlager.stbruno.de\/wp-content\/uploads\/2026\/01\/cropped-IMG_2021.jpeg",1199,1005,false]},"uagb_author_info":{"display_name":"admin","author_link":"https:\/\/maedchenlager.stbruno.de\/?author=1"},"uagb_comment_info":0,"uagb_excerpt":"Herzlich Willkommen Du hast in den Sommerferien 2026 vom 15. August bis zum 29. August noch keine Pl\u00e4ne und bist zwischen 9 und 15 Jahren alt? Du hast Lust, mit anderen M\u00e4dels in deinem Alter eine tolle Woche zu verbringen?Du freust Dich auf jede Menge Spiel, Spa\u00df und Action? Dann bist Du bei uns genau&hellip;","_links":{"self":[{"href":"https:\/\/maedchenlager.stbruno.de\/index.php?rest_route=\/wp\/v2\/pages\/2","targetHints":{"allow":["GET"]}}],"collection":[{"href":"https:\/\/maedchenlager.stbruno.de\/index.php?rest_route=\/wp\/v2\/pages"}],"about":[{"href":"https:\/\/maedchenlager.stbruno.de\/index.php?rest_route=\/wp\/v2\/types\/page"}],"author":[{"embeddable":true,"href":"https:\/\/maedchenlager.stbruno.de\/index.php?rest_route=\/wp\/v2\/users\/1"}],"replies":[{"embeddable":true,"href":"https:\/\/maedchenlager.stbruno.de\/index.php?rest_route=%2Fwp%2Fv2%2Fcomments&post=2"}],"version-history":[{"count":61,"href":"https:\/\/maedchenlager.stbruno.de\/index.php?rest_route=\/wp\/v2\/pages\/2\/revisions"}],"predecessor-version":[{"id":1895,"href":"https:\/\/maedchenlager.stbruno.de\/index.php?rest_route=\/wp\/v2\/pages\/2\/revisions\/1895"}],"wp:featuredmedia":[{"embeddable":true,"href":"https:\/\/maedchenlager.stbruno.de\/index.php?rest_route=\/wp\/v2\/media\/1770"}],"wp:attachment":[{"href":"https:\/\/maedchenlager.stbruno.de\/index.php?rest_route=%2Fwp%2Fv2%2Fmedia&parent=2"}],"curies":[{"name":"wp","href":"https:\/\/api.w.org\/{rel}","templated":true}]}}